{"id":316,"date":"2026-03-24T16:37:15","date_gmt":"2026-03-24T15:37:15","guid":{"rendered":"https:\/\/bilderbuchblume.site\/?page_id=316"},"modified":"2026-03-24T18:10:21","modified_gmt":"2026-03-24T17:10:21","slug":"home","status":"publish","type":"page","link":"https:\/\/bilderbuchblume.site\/","title":{"rendered":"Home"},"content":{"rendered":"\n<div class=\"wp-block-media-text is-stacked-on-mobile has-background\" style=\"background-color:#c7a6b1\"><figure class=\"wp-block-media-text__media\"><img loading=\"lazy\" decoding=\"async\" width=\"1024\" height=\"1024\" src=\"https:\/\/bilderbuchblume.site\/wp-content\/uploads\/2026\/03\/Briefumschlag-1-1024x1024.jpg\" alt=\"\" class=\"wp-image-87 size-full\" srcset=\"https:\/\/bilderbuchblume.site\/wp-content\/uploads\/2026\/03\/Briefumschlag-1-1024x1024.jpg 1024w, https:\/\/bilderbuchblume.site\/wp-content\/uploads\/2026\/03\/Briefumschlag-1-300x300.jpg 300w, https:\/\/bilderbuchblume.site\/wp-content\/uploads\/2026\/03\/Briefumschlag-1-100x100.jpg 100w, https:\/\/bilderbuchblume.site\/wp-content\/uploads\/2026\/03\/Briefumschlag-1-600x600.jpg 600w, https:\/\/bilderbuchblume.site\/wp-content\/uploads\/2026\/03\/Briefumschlag-1-150x150.jpg 150w, https:\/\/bilderbuchblume.site\/wp-content\/uploads\/2026\/03\/Briefumschlag-1-768x768.jpg 768w, https:\/\/bilderbuchblume.site\/wp-content\/uploads\/2026\/03\/Briefumschlag-1.jpg 1280w\" sizes=\"auto, (max-width: 1024px) 100vw, 1024px\" \/><\/figure><div class=\"wp-block-media-text__content\">\n<p class=\"has-text-align-center has-theme-palette-7-color has-text-color has-link-color has-large-font-size wp-elements-6f56d36bb83b39baf902f1b64fe90e50\">&#8220;Gebt Jehova die Ehre, die seinem Namen geb\u00fchrt&#8221;<\/p>\n\n\n\n<p class=\"has-text-align-center has-theme-palette-7-color has-text-color has-link-color wp-elements-1b5e53912e91cbe9bd7ecc32b39bf167\">&#8211; Psalm 96:8&nbsp;<em>Neue Welt \u00dcbersetzung<\/em><\/p>\n<\/div><\/div>\n\n\n\n<div style=\"height:100px\" aria-hidden=\"true\" class=\"wp-block-spacer\"><\/div>\n\n\n\n<h2 class=\"wp-block-heading has-text-align-center\">Herzlich Willkommen!&nbsp;<\/h2>\n\n\n\n<p class=\"has-text-align-center\">Hier findest du alles M\u00f6gliche f\u00fcr unseren Predigtdienst, wie Briefpapiere, Klapp- und Postkarten, Geschenkartikel und bald auch vieles Mehr!&nbsp;<\/p>\n\n\n\n<div style=\"height:100px\" aria-hidden=\"true\" class=\"wp-block-spacer\"><\/div>\n\n\n\n<div class=\"wp-block-columns is-layout-flex wp-container-core-columns-is-layout-9d6595d7 wp-block-columns-is-layout-flex\">\n<div class=\"wp-block-column is-vertically-aligned-center is-layout-flow wp-block-column-is-layout-flow\" style=\"flex-basis:33.33%\">\n<h2 class=\"wp-block-heading has-text-align-center\">Neu bei uns!&nbsp;&nbsp;<\/h2>\n\n\n\n<p class=\"has-text-align-center\">Ein Freundebuch, dass sich komplett um unser Leben als Christ dreht.&nbsp;<\/p>\n\n\n\n<div class=\"wp-block-buttons is-content-justification-center is-layout-flex wp-container-core-buttons-is-layout-16018d1d wp-block-buttons-is-layout-flex\">\n<div class=\"wp-block-button\"><a class=\"wp-block-button__link wp-element-button\" href=\"https:\/\/bilderbuchblume.site\/index.php\/produkt\/freundebuch-fuer-zeugen-jehovas\/\">Zum Freundebuch<\/a><\/div>\n<\/div>\n<\/div>\n\n\n\n<div class=\"wp-block-column is-layout-flow wp-block-column-is-layout-flow\" style=\"flex-basis:66.66%\">\n<figure class=\"wp-block-image size-full\"><img loading=\"lazy\" decoding=\"async\" width=\"1024\" height=\"1016\" src=\"https:\/\/bilderbuchblume.site\/wp-content\/uploads\/2026\/03\/Freundebuch-fuer-Zeugen-Jehovas-1.avif\" alt=\"\" class=\"wp-image-234\" srcset=\"https:\/\/bilderbuchblume.site\/wp-content\/uploads\/2026\/03\/Freundebuch-fuer-Zeugen-Jehovas-1.avif 1024w, https:\/\/bilderbuchblume.site\/wp-content\/uploads\/2026\/03\/Freundebuch-fuer-Zeugen-Jehovas-1-100x100.avif 100w, https:\/\/bilderbuchblume.site\/wp-content\/uploads\/2026\/03\/Freundebuch-fuer-Zeugen-Jehovas-1-600x595.avif 600w, https:\/\/bilderbuchblume.site\/wp-content\/uploads\/2026\/03\/Freundebuch-fuer-Zeugen-Jehovas-1-300x298.avif 300w, https:\/\/bilderbuchblume.site\/wp-content\/uploads\/2026\/03\/Freundebuch-fuer-Zeugen-Jehovas-1-150x150.avif 150w, https:\/\/bilderbuchblume.site\/wp-content\/uploads\/2026\/03\/Freundebuch-fuer-Zeugen-Jehovas-1-768x762.avif 768w\" sizes=\"auto, (max-width: 1024px) 100vw, 1024px\" \/><\/figure>\n<\/div>\n<\/div>\n\n\n\n<div class=\"wp-block-buttons is-layout-flex wp-block-buttons-is-layout-flex\"><\/div>\n\n\n\n<div class=\"wp-block-columns is-layout-flex wp-container-core-columns-is-layout-9d6595d7 wp-block-columns-is-layout-flex\">\n<div class=\"wp-block-column is-vertically-aligned-center is-layout-flow wp-block-column-is-layout-flow\" style=\"flex-basis:66.66%\">\n<p class=\"has-text-align-center\">Kennst du schon unsere kostenlosen Dateien zum herunterladen? \ud83e\udd17<\/p>\n<\/div>\n\n\n\n<div class=\"wp-block-column is-layout-flow wp-block-column-is-layout-flow\" style=\"flex-basis:33.33%\">\n<div class=\"wp-block-buttons is-content-justification-center is-layout-flex wp-container-core-buttons-is-layout-16018d1d wp-block-buttons-is-layout-flex\">\n<div class=\"wp-block-button\"><a class=\"wp-block-button__link wp-element-button\" href=\"https:\/\/bilderbuchblume.site\/index.php\/freebies\/\">Zu den Freebies<\/a><\/div>\n<\/div>\n<\/div>\n<\/div>\n\n\n\n<div class=\"wp-block-columns is-layout-flex wp-container-core-columns-is-layout-9d6595d7 wp-block-columns-is-layout-flex\">\n<div class=\"wp-block-column is-layout-flow wp-block-column-is-layout-flow\" style=\"flex-basis:66.66%\">\n<figure class=\"wp-block-image size-large\"><img loading=\"lazy\" decoding=\"async\" width=\"1024\" height=\"683\" src=\"https:\/\/bilderbuchblume.site\/wp-content\/uploads\/2026\/03\/Trolley-Schluesselanhaenger-4-1024x683.jpg\" alt=\"\" class=\"wp-image-17\" srcset=\"https:\/\/bilderbuchblume.site\/wp-content\/uploads\/2026\/03\/Trolley-Schluesselanhaenger-4-1024x683.jpg 1024w, https:\/\/bilderbuchblume.site\/wp-content\/uploads\/2026\/03\/Trolley-Schluesselanhaenger-4-600x400.jpg 600w, https:\/\/bilderbuchblume.site\/wp-content\/uploads\/2026\/03\/Trolley-Schluesselanhaenger-4-300x200.jpg 300w, https:\/\/bilderbuchblume.site\/wp-content\/uploads\/2026\/03\/Trolley-Schluesselanhaenger-4-768x512.jpg 768w, https:\/\/bilderbuchblume.site\/wp-content\/uploads\/2026\/03\/Trolley-Schluesselanhaenger-4-1536x1024.jpg 1536w, https:\/\/bilderbuchblume.site\/wp-content\/uploads\/2026\/03\/Trolley-Schluesselanhaenger-4.jpg 1920w\" sizes=\"auto, (max-width: 1024px) 100vw, 1024px\" \/><\/figure>\n<\/div>\n\n\n\n<div class=\"wp-block-column is-vertically-aligned-center is-layout-flow wp-block-column-is-layout-flow\" style=\"flex-basis:33.33%\">\n<h2 class=\"wp-block-heading has-text-align-center\">Unsere bunten Mini Trolley Schl\u00fcsselanh\u00e4nger in neuen Farben!<\/h2>\n\n\n\n<div class=\"wp-block-buttons is-content-justification-center is-layout-flex wp-container-core-buttons-is-layout-16018d1d wp-block-buttons-is-layout-flex\">\n<div class=\"wp-block-button\"><a class=\"wp-block-button__link wp-element-button\" href=\"https:\/\/bilderbuchblume.site\/index.php\/produkt\/trolley-schluesselanhaenger-verschiedene-farben\/\">Mehr erfahren<\/a><\/div>\n<\/div>\n<\/div>\n<\/div>\n\n\n\n<div class=\"wp-block-columns are-vertically-aligned-center is-layout-flex wp-container-core-columns-is-layout-9d6595d7 wp-block-columns-is-layout-flex\">\n<div class=\"wp-block-column is-vertically-aligned-center is-layout-flow wp-block-column-is-layout-flow\" style=\"flex-basis:33.33%\">\n<h2 class=\"wp-block-heading has-text-align-center\">Suchst du noch nach einem passenden Geschenk f\u00fcr unsere Pioniere?&nbsp;<\/h2>\n\n\n\n<p class=\"has-text-align-center\">Schau dir unsre Empfehlungen an:<\/p>\n\n\n\n<div class=\"wp-block-buttons is-content-justification-center is-layout-flex wp-container-core-buttons-is-layout-16018d1d wp-block-buttons-is-layout-flex\">\n<div class=\"wp-block-button\"><a class=\"wp-block-button__link wp-element-button\" href=\"https:\/\/bilderbuchblume.site\/index.php\/produkt-kategorie\/trolleys\/\">Zu den Geschenkideen<\/a><\/div>\n<\/div>\n<\/div>\n\n\n\n<div class=\"wp-block-column is-vertically-aligned-center is-layout-flow wp-block-column-is-layout-flow\" style=\"flex-basis:66.66%\">\n<figure class=\"wp-block-image size-large\"><img loading=\"lazy\" decoding=\"async\" width=\"1024\" height=\"1024\" src=\"https:\/\/bilderbuchblume.site\/wp-content\/uploads\/2026\/03\/Trolley-Stifthalter-2-1024x1024.avif\" alt=\"\" class=\"wp-image-245\" srcset=\"https:\/\/bilderbuchblume.site\/wp-content\/uploads\/2026\/03\/Trolley-Stifthalter-2-1024x1024.avif 1024w, https:\/\/bilderbuchblume.site\/wp-content\/uploads\/2026\/03\/Trolley-Stifthalter-2-300x300.avif 300w, https:\/\/bilderbuchblume.site\/wp-content\/uploads\/2026\/03\/Trolley-Stifthalter-2-100x100.avif 100w, https:\/\/bilderbuchblume.site\/wp-content\/uploads\/2026\/03\/Trolley-Stifthalter-2-600x600.avif 600w, https:\/\/bilderbuchblume.site\/wp-content\/uploads\/2026\/03\/Trolley-Stifthalter-2-150x150.avif 150w, https:\/\/bilderbuchblume.site\/wp-content\/uploads\/2026\/03\/Trolley-Stifthalter-2-768x768.avif 768w, https:\/\/bilderbuchblume.site\/wp-content\/uploads\/2026\/03\/Trolley-Stifthalter-2.avif 1440w\" sizes=\"auto, (max-width: 1024px) 100vw, 1024px\" \/><\/figure>\n<\/div>\n<\/div>\n\n\n\n<div style=\"height:100px\" aria-hidden=\"true\" class=\"wp-block-spacer\"><\/div>\n\n\n\n<div class=\"wp-block-columns is-layout-flex wp-container-core-columns-is-layout-9d6595d7 wp-block-columns-is-layout-flex\">\n<div class=\"wp-block-column is-layout-flow wp-block-column-is-layout-flow\"><\/div>\n\n\n\n<div class=\"wp-block-column is-layout-flow wp-block-column-is-layout-flow\">\n<h2 class=\"wp-block-heading has-text-align-center\">Wie sch\u00f6n, dass du da bist!<\/h2>\n\n\n\n<p class=\"has-text-align-center\">Erfahre mehr \u00fcber uns und was wir hier vorhaben. Oder schau dich ganz in Ruhe um, wenn du etwas brauchen solltest, freuen wir uns \u00fcber eine liebe Nachricht von dir \ud83e\udd17<\/p>\n\n\n\n<h6 class=\"wp-block-heading has-text-align-center\">Liebe Gr\u00fc\u00dfe,&nbsp;<\/h6>\n\n\n\n<h6 class=\"wp-block-heading has-text-align-center\">Nicole &amp; Torsten Jamin&nbsp;<\/h6>\n<\/div>\n\n\n\n<div class=\"wp-block-column is-layout-flow wp-block-column-is-layout-flow\"><\/div>\n<\/div>\n\n\n\n<p><\/p>\n","protected":false},"excerpt":{"rendered":"<p>&#8220;Gebt Jehova die Ehre, die seinem Namen geb\u00fchrt&#8221; &#8211; Psalm 96:8&nbsp;Neue Welt \u00dcbersetzung Herzlich Willkommen!&nbsp; Hier findest du alles M\u00f6gliche f\u00fcr unseren Predigtdienst, wie Briefpapiere, Klapp- und Postkarten, Geschenkartikel und bald auch vieles Mehr!&nbsp; Neu bei uns!&nbsp;&nbsp; Ein Freundebuch, dass sich komplett um unser Leben als Christ dreht.&nbsp; Kennst du schon unsere kostenlosen Dateien zum&#8230;<\/p>\n","protected":false},"author":1,"featured_media":0,"parent":0,"menu_order":0,"comment_status":"closed","ping_status":"closed","template":"","meta":{"_kad_post_transparent":"default","_kad_post_title":"hide","_kad_post_layout":"fullwidth","_kad_post_sidebar_id":"","_kad_post_content_style":"","_kad_post_vertical_padding":"default","_kad_post_feature":"show","_kad_post_feature_position":"","_kad_post_header":false,"_kad_post_footer":false,"_kad_post_classname":"","footnotes":""},"class_list":["post-316","page","type-page","status-publish","hentry"],"jetpack_sharing_enabled":true,"_links":{"self":[{"href":"https:\/\/bilderbuchblume.site\/index.php\/wp-json\/wp\/v2\/pages\/316","targetHints":{"allow":["GET"]}}],"collection":[{"href":"https:\/\/bilderbuchblume.site\/index.php\/wp-json\/wp\/v2\/pages"}],"about":[{"href":"https:\/\/bilderbuchblume.site\/index.php\/wp-json\/wp\/v2\/types\/page"}],"author":[{"embeddable":true,"href":"https:\/\/bilderbuchblume.site\/index.php\/wp-json\/wp\/v2\/users\/1"}],"replies":[{"embeddable":true,"href":"https:\/\/bilderbuchblume.site\/index.php\/wp-json\/wp\/v2\/comments?post=316"}],"version-history":[{"count":19,"href":"https:\/\/bilderbuchblume.site\/index.php\/wp-json\/wp\/v2\/pages\/316\/revisions"}],"predecessor-version":[{"id":366,"href":"https:\/\/bilderbuchblume.site\/index.php\/wp-json\/wp\/v2\/pages\/316\/revisions\/366"}],"wp:attachment":[{"href":"https:\/\/bilderbuchblume.site\/index.php\/wp-json\/wp\/v2\/media?parent=316"}],"curies":[{"name":"wp","href":"https:\/\/api.w.org\/{rel}","templated":true}]}}